What is 0 + 0 + 1 + 10 + -9?
2
Calculate 9 - 15 - -8 - (0 + 0).
2
Calculate -3 + 0 + 5 + -4 - 4.
-6
What is -15 + 4 - -4 - (-3 + 1)?
-5
Calculate (0 - (10 - 7)) + 9.
6
-7 - (2 - 6) - -2
-1
What is (-4 + (7 - 4) - 5) + -1?
-7
What is the value of (4 - (8 + 2)) + 10?
4
What is -6 + 3 + 3 - 7?
-7
Evaluate -4 + 14 + -7 + 1.
4
93 - 106 - (-22 + 2)
7
What is -4 - (-3 + (-2 - (-4 + 3)))?
0
What is the value of 31 - 40 - (0 + -1 - 5)?
-3
What is 1 + 2 + (13 - 11)?
5
What is 3 + (-2 - 2 - (0 - 1))?
0
Evaluate 6 + -2 + 2 + (37 - 40).
3
-6 - 1 - (140 + -137)
-10
What is -3 - (0 + 2 + -3 - -3)?
-5
What is the value of 3 - (1 - (8 - 4) - -5)?
1
Calculate 3 + -5 - (6 + (3 - 5)).
-6
2 + (0 - 1) + -6 - -3
-2
What is the value of 3 - (4 - (1 - -3))?
3
What is the value of 59 + -51 - (1 + 0)?
7
What is -7 + 1 - (0 + -8 + 4)?
-2
4 - (0 - -8 - (10 + -10))
-4
What is the value of -1 - 4 - -3 - -2 - 1?
-1
(7 - 3) + -3 + 4
5
Evaluate 2 + 5 + (5 - (6 - -2)).
4
Calculate (1 - (9 + -3)) + 8 + 3.
6
What is the value of -6 - (-5 - 8) - 2?
5
What is the value of 2 - (4 + 7 + -10)?
1
What is the value of 2 + -2 + (15 - 7) - 5?
3
Evaluate -6 - (-1 - (-3 + 8)).
0
(-8 - -3 - -4) + 0
-1
What is -7 + (10 - (-11 + 10))?
4
-8 - (-3 + (5 - 4))
-6
3 - 0 - (8 - (-4 - -11))
2
Evaluate -1 + -4 - (10 + -1 + -8).
-6
What is 2 + (-1 - 2 - 4)?
-5
What is the value of (1 - -7) + -3 + (-3 - -1)?
3
Calculate -4 - -3 - -19 - 10.
8
What is the value of (5 - 9 - 0) + 2?
-2
Calculate -14 - ((-12 - -4) + 0).
-6
(-7 - 1) + 3 - (-3 + -1)
-1
-2 - (-5 + (-1 - -4) - 1)
1
19 - 15 - (9 + -1)
-4
Evaluate (3 - 0) + 10 + -9 - 5.
-1
Evaluate 4 - (-2 + 4 + 0).
2
What is the value of 1 - -6 - (23 + -9)?
-7
Evaluate 7 + -19 + 10 - 0.
-2
Calculate -3 - (6 - 9) - (1 - -1).
-2
What is the value of 1 + (0 - (0 - (2 + -5)))?
-2
What is -11 - (-8 + 5 + 1 + -3)?
-6
What is the value of -6 + -5 + (7 - -3)?
-1
Calculate -4 - ((-1 - 2) + -2).
1
What is the value of -4 + 1 + 1 + (3 - 3)?
-2
What is 0 - 2 - (-3 + (1 - 0))?
0
Evaluate (13 - -4) + -9 - 7.
1
-13 - (-8 - 6 - -6)
-5
What is the value of (3 - 8) + -4 + 5?
-4
What is -4 + (-1 - -2) - (20 - 17)?
-6
What is the value of -4 + (11 - 15 - -2)?
-6
What is the value of -6 - (6 - (16 - (5 + 1)))?
-2
What is the value of (3 - (0 - 4)) + -53 + 39?
-7
Calculate 1 + (1 - (4 + -4)).
2
What is the value of 3 + -1 + -3 + -1?
-2
Evaluate (4 - 3) + -1 - (-3 - 2).
5
What is the value of 5 + 4 + (4 - 8)?
5
Evaluate 5 - 10 - (-8 - -5).
-2
What is the value of -69 + 62 - (-8 + 1)?
0
Calculate -3 - (5 - (0 - -3) - 7).
2
Calculate -6 + -5 + 2 + 5.
-4
What is the value of -2 + 0 - (-36 - -32)?
2
-173 + 179 + (0 - (0 - 1))
7
Calculate (1 - -1) + (3 - (2 + -1)).
4
Calculate -1 + 1 + 0 + (-11 - -9).
-2
Evaluate (18 - 7 - 6) + -15.
-10
What is -1 + (-5 - -2) + (-1 - -1)?
-4
What is 0 + (-3 - -3) - 2 - -6?
4
Calculate (2 - 4) + (-11 - -11).
-2
What is the value of -4 + (18 - (-6 - -15))?
5
-7 + 11 + -1 + -4
-1
What is the value of -4 - (2 - (0 + -3 - -6))?
-3
What is (-7 - 2) + (-2 - -16)?
5
What is the value of -2 + 1 - (0 - (5 + -7))?
-3
What is (13 - 9) + (-1 - -1)?
4
Calculate 10 + (-4 - (7 - 13 - -7)).
5
What is 2 + -2 + (-1 - -6) + -3?
2
What is 14 - (-1 + 27) - -3?
-9
Evaluate (-1 - (2 - 8)) + -3 + -1.
1
What is the value of 0 - 4 - (-4 + -3 - 2)?
5
What is 9 + (-1 - 2) + (-1 - 0)?
5
Evaluate 1 + (-8 - (-2 - 1)).
-4
What is -1 + 7 - (5 + (4 - -1))?
-4
What is (-2 + 3 - 3) + 3?
1
-4 + (-3 - -5) + 4
2
Evaluate 5 + 3 + -9 + 0.
-1
Evaluate 3 + 4 + (7 - 15).
-1
Calculate 4 + -1 + 22 + -26.
-1
What is (16 - (-2 + 9)) + -2 - -2?
9
Calculate 0 + (-4 - -8) - (6 - 1).
-1
Evaluate -11 + 4 - -7 - (1 - 0).
-1
Calculate -7 - (-3 + 8 + -10).
-2
What is the value of -5 - ((0 - 5) + -4) - 7?
-3
What is 2 + 13 + -10 - (0 + 0)?
5
What is -1 + 18 - (8 + -1) - 6?
4
What is the value of (-5 - -12) + (2 - 6)?
3
Calculate -3 + 4 + (-1 - -4).
4
Evaluate (-26 - -23) + (-1 - -11).
7
Evaluate 1 + 2 - (3 + -1).
1
Evaluate 3 + -4 + -10 + (9 - 2).
-4
What is the value of 3 - (4 + 0 + -1)?
0
What is the value of 0 + (0 + 2 - 6) + -5?
-9
Evaluate -1 + ((-7 - 5) + 6 - -9).
2
-1 + 3 + (3 - (7 + -2))
0
Calculate 11 - (10 - (-15 + 12)).
-2
Calculate -4 - 0 - (5 + -3 + -1).
-5
Evaluate (-5 - -3 - -5) + 1 + -5.
-1
(3 - (4 + -4)) + (-4 - -1)
0
What is the value of 2 + (0 - -5) + -5?
2
Calculate -3 - (1 + 1 + -3 + 3).
-5
What is the value of (3 + -6 + 7 - 7) + -6?
-9
What is the value of -14 + 1 + 7 - -6?
0
Evaluate (-14 - -7) + -6 + 6.
-7
Calculate 4 + (0 - 10 - (-37 + 32)).
-1
17 + -4 + -12 + 0
1
Evaluate -8 - (-3 + (-2 - 2)).
-1
Calculate (-4 + 6 - (1 + -2)) + -4.
-1
9 + (10 - 8) + -18
-7
What is the value of (5 - 4) + -1 + 1?
1
What is the value of 4 - (4 - (-3 + 6) - 2)?
5
Calculate (9 - (-2 - -16)) + (10 - 0).
5
Calculate (3 - -4) + 1 + -4 - 4.
0
What is -2 + -3 + 2 + 11 + -6?
2
Calculate -5 + (1 + -3 - -5).
-2
What is the value of -1 + 2 + (2 - 2)?
1
Calculate (3 - 1) + (16 - 14).
4
What is the value of 4 - (-8 + 10 + 0)?
2
What is the value of 5 - 0 - (2 + 6 - -5)?
-8
Evaluate -10 + (-3 - -3) - -8.
-2
What is the value of -3 + 12 + -2 + -13?
-6
1 - 2 - (7 + -5 + -4)
1
Calculate 15 + (-12 + 11 - 10).
4
Evaluate 3 + 0 - (8 + -1).
-4
Evaluate 0 + 12 + (9 - 16).
5
What is 17 + -7 + -9 - 4?
-3
Evaluate 2 - (7 + 3 - 5).
-3
What is (5 - 5) + 0 + 3 + -7?
-4
Evaluate 37 + -32 - (-1 - 0).
6
What is the value of -6 + 14 + -10 + 6?
4
What is the value of -7 - (1 - 9) - (-6 - -1)?
6
What is the value of -1 - -2 - (-11 - -16)?
-4
Evaluate 2 + -6 + (-4 - (5 + -8)).
-5
-4 + 2 + 0 - (6 + -7)
-1
What is 1 - (2 - (11 + -3 - 3))?
4
(31 - 30) + (-3 - (0 + -1))
-1
What is the value of -6 + (-1 + 1 + 5 - 0)?
-1
What is the value of -1 + (-2 - -3) - 5?
-5
What is (-17 - -8) + 16 + -16?
-9
-39 - -41 - (1 + -1 + 4)
-2
(-2 - -1) + (7 - 9) - 1
-4
What is 1 - (1 - -5) - -9?
4
Evaluate -1 + (-4 + 4 - -1).
0
What is the value of 4 - (-1 - (0 - -2))?
7
What is the value of (4 - -2) + -11 + 9?
4
What is (4 - (5 - 5)) + -1?
3
(3 - (1 + 3)) + (-1 - -2)
0
Evaluate (7 + -1 - -3) + -5 - 4.
0
-6 - (0 - 0 - 4)
-2
Evaluate -12 - (-13 - -1 - 5).
5
Evaluate -2 + 19 + -10 - 0.
7
What is the value of -11 + -4 + 13 + -2?
-4
What is 2 + (-4 - 6) + 4?
-4
(-2 - -3 - 13) + (17 - 10)
-5
Evaluate -5 - -1 - 1 - -5.
0
6 - (8 - 3 - (1 + 3))
5
What is the value of (10 - 0) + (-33 - -21)?
-2
13 + -9 - ((0 - 0) + 7)
-3
What is 2 + 2 + 27 + -32?
-1
What is (-2 - 7 - -2) + 8?
1
Evaluate (-5 - -3) + (-8 - -6) + 0.
-4
What is (-27 - -27) + (-9 - -2) + 2?
-5
What is (5 - 15 - -4) + 1?
-5
Evaluate -2 + (2 + -2 - -1) + -1.
-2
What is the value of 0 + (1 + 1 - 1) + -1?
0
What is the value of -3 - 0 - (-2 + 3)?
-4
What is the value of (-1 - 1) + (-2 - 0)?
-4
4 + (-1 + 2 + -6 - -2)
1
15 + (1 - 15) + (2 - -4)
7
Calculate -149 - -145 - (1 + 2).
-7
What is 4 + -2 + -2 + (9 - 11)?
-2
Evaluate 0 - (2 + -9 - -3).
4
What is -1 + 0 - 2 - -8?
5
Evaluate 0 + -1 + (1 - -2).
2
Evaluate 3 + (0 - 2) - -2.
3
What is -5 - (2 + -3 + -17 + 4)?
9
1 + 0 - 1 - (-3 - -2)
1
(1 - 1) + 4 + (3 - 3)
4
What is -6 - 2 - (-3 - 4 - -3)?
-4
Calculate (-3 + 5 - -8) + -8.
2
-3 - 0 - 1 - -2
-2
4 + -5 + -1 - (2 + 1)
-5
What is the value of -4 + 0 + 7 + -4?
-1
Calculate 7 - (-7 + 8 + -4 + 7).
3
Calculate 0 + 0 + 0 + 2 - -2.
4
What is (57 - 66) + 1 + 14?
6
Evaluate 5 + -10 - 3 - (3 - 9).
-2
What is the value of (1 - -9) + -3 - 12?
-5
1 - 5 - ((-15 - -38) + -19)
-8
What is 10 - (2 + -3 + 10 - 4)?
5
What is (-16 - -7 - -17) + -8?
0
Calculate 4 + -3 + 4 + -5 + 5.
5
What is 9 - (12 + 9) - -19?
7
What is the value of 1 + 4 - 11 - (-8 - 1)?
3
Calculate 3 - (9 - 4) - (5 + -3).
-4
What is 12 - 16 - (7 - 11)?
0
Calculate -21 - -3 - -2 - -9.
-7
What is 0 + (1 - (-1 + 3))?
-1
Evaluate 0 + -9 + (5 - 3) - -4.
-3
-8 + 6 + (-1 - -6) + 0
3
Evaluate -4 - ((2 - (14 + 0)) + 3).
5
What is 5 + 0 + -11 + 8?
2
What is the value of (3 + 1 - 1) + 0?
3
What is the value of (2 - 1) + -25 + 23?
-1
What is 1 - (-3 + 5 + 1)?
-2
Calculate 30 + -26 + (-6 - -1).
-1
-1 + -1 + 5 + -4 + -2
-3
Evaluate 1 + 1 + (2 - -2) + -1.
5
Calculate 12 + -6 + 2 + -4 - 5.
-1
What is (-26 - -11) + 11 - (-10 - -1)?
5
Evaluate (-4 + 8 - 3 - -2) + 0.
3
Calculate -4 + (-9 - -13) + (-4 - -2).
-2
What is 37 + -45 + 1 + 0 + 3?
-4
Calculate 4 - (-9 - (-9 + 2)).
6
Evaluate 4